prime factors of w(11).
2, 3
Let x = 17 - -18. List the prime factors of (0 - 1 - 0)*(x - 66).
31
Suppose -3*r - 5*q = -7568, -2*q + 2844 + 9763 = 5*r. What are the prime factors of r?
2521
Suppose -p - a + 16291 = 0, -2*a = 4*p - 56582 - 8570. List the prime factors of p.
5, 3257
Suppose 5*n = 25, 0 = 3*l - 0*n - n - 55. What are the prime factors of (16/l)/(1/430)?
2, 43
Suppose 4*d + 371 = 16181 + 654. List the prime factors of d.
2, 3, 7
Let u = 211 + -208. Suppose -3*p = b - 393, -p + 524 = 3*p - u*b. List the prime factors of p.
131
Suppose 2*x - 3*x - 5*m = 18, -5*x + m = 64. Let u(i) = -34*i - 54. Let t(y) = -18*y - 27. Let s(j) = -11*t(j) + 6*u(j). List the prime factors of s(x).
3, 17
Suppose 5*i - 178799 = -q, 96*q + 178811 = 5*i + 100*q. List the prime factors of i.
35759
Let o = -9115 - -20816. List the prime factors of o.
11701
Suppose -n + 1296 = -2*r, -2*r + 4*n - 648 = -r. Let j = r + 1524. What are the prime factors of j?
2, 3, 73
Suppose -4*z + 4*q + 44 = 0, -5*q = -3*z + z + 31. What are the prime factors of 346*(-4 - (-36)/z)?
173
Suppose 0*m - 6*m = 48. Let r(j) = 9*j**2 - 5*j + 26. What are the prime factors of r(m)?
2, 3, 107
Let l be 2/(8/6948) - (4 - 1). Suppose -5*s - l = -4*r, -5*r + s - 449 = -2627. Suppose 9*w - r = 5*w. What are the prime factors of w?
109
Suppose 0 = 2*u + 5*f - 114364, 1253*u - 1257*u = -f - 228662. List the prime factors of u.
11, 5197
List the prime factors of 36320 - 264 - (4 - 3)/(2/(-6)).
107, 337
Let h = 87 - 84. Suppose 5*z - 4665 = k, -17*z = -14*z + h*k - 2817. List the prime factors of z.
2, 467
Suppose -21*c - 14*c + 92260 = 0. What are the prime factors of c?
2, 659
Let s(o) = 2*o**2 - 12*o - 4. Let i be s(6). Let m be -165*(i/2 + -1). Suppose -6*w + 285 = -m. List the prime factors of w.
2, 5, 13
Suppose -9*l + 2*l = -6*l. Suppose -3*h + 16 - 10 = l. Suppose 2*m + 43 = h*c + 165, c = -2*m + 125. List the prime factors of m.
2, 31
Let x be (8 - (-259)/(-28))*8. List the prime factors of 2/x + 27/30*618.
2, 139
Let x(a) = -642*a. List the prime factors of x(-18).
2, 3, 107
Let k(i) = 187*i**3 - 13*i**2 + 55*i - 223. List the prime factors of k(4).
3, 3919
Suppose -2*m - 137 = -5*u + 66, u = -3*m + 27. Suppose -u = -7*c + 3. List the prime factors of c.
2, 3
Suppose -19*p + 22*p = 69. Suppose o = 398 + p. What are the prime factors of o?
421
Let h(z) = 11*z - 28. Let o be h(-13). Let l = o + 297. Suppose l = i - 10. What are the prime factors of i?
2, 17
Let a = 5079 - -3705. What are the prime factors of a?
2, 3, 61
Let t = 27198 - 14543. What are the prime factors of t?
5, 2531
Let h = 9 - 4. Suppose 0 = g - 5*v - 69, h*g - 10*v = -5*v + 365. List the prime factors of g.
2, 37
Suppose -3*j - 10 = -2*j. Let z(v) = -19*v - 46. Let i be z(j). Let x = 271 - i. What are the prime factors of x?
127
Suppose 0 = 819*z - 791*z - 472584. What are the prime factors of z?
2, 3, 29, 97
Let s = 1155 - -21423. What are the prime factors of s?
2, 3, 53, 71
Let n(j) = -50*j**3 - j**2 - 3*j - 5. Let s be n(-2). Let t = s + -211. What are the prime factors of t?
2, 3, 31
Suppose v + p - 27627 = 0, 20*p = -2*v + 23*p + 55294. What are the prime factors of v?
5, 5527
Suppose 0 = 3*v - 3*d + d - 2315, 3*v - 2308 = -5*d. Let i = -176 + v. What are the prime factors of i?
5, 7, 17
Let d be (-962)/(-117) + (-4)/18. Suppose -846 = d*h - 17*h. Let r = -43 + h. What are the prime factors of r?
3, 17
Let x = 4428 - 529. List the prime factors of x.
7, 557
Let q(l) = l**3 + 29*l**2 - 17*l + 65. List the prime factors of q(10).
3, 5, 11, 23
Let k = -304 + 353. Suppose k = -8*p + 193. What are the prime factors of p?
2, 3
Let w(r) be the first derivative of r**4/4 + 8*r**3/3 - 7*r**2/2 + 11*r - 9. Let j = 63 + -71. What are the prime factors of w(j)?
67
Let v be 30/4*(-16)/(-12). Suppose 3*i = v*i. List the prime factors of (246/(-4) + i)*10/(-5).
3, 41
What are the prime factors of (-1 - 1)*(-618784)/64?
61, 317
Let c = 52284 + 30. What are the prime factors of c?
2, 3, 8719
Suppose 53*c - 57*c = 916. Let r = 338 + c. List the prime factors of r.
109
Let f(g) = 22*g**3 + g**2 - 3*g - 5. Let k be f(4). Suppose 3*y = k + 1602. List the prime factors of y.
17, 59
Suppose -54*h + 1095 = -147. Suppose 0 = h*r - 36*r + 7696. List the prime factors of r.
2, 37
Let p = -2362 + 3968. Suppose 2*q = z + p, -2*q - 50*z = -55*z - 1590. List the prime factors of q.
5, 7, 23
Let p(c) = -3*c**2 + 4*c - 2. Let a be p(4). Let i = 154 + a. Let q = i + -32. What are the prime factors of q?
2, 11
Let x be (-25113)/(-77) - 3/21. Suppose -3*w - 2*o + x = -0*w, -5*w - 4*o = -542. List the prime factors of w.
2, 5, 11
Let k be ((11 + -6)/10)/(4/(-5864)). Let h = k - -1037. What are the prime factors of h?
2, 19
Suppose 2*z + 92 + 82 = 0. Let b = -89 - z. What are the prime factors of b/((-12)/30)*(-56)/(-2)?
2, 5, 7
Let z(s) = -s**3 + 3*s**2 + 5*s - 6. Let x be z(2). Suppose -x = -2*f, -9*c - f = -4*c - 494. List the prime factors of c.
2, 7
Let j(t) be the second derivative of t**5/20 + 3*t**4/2 + 23*t**3/6 - 45*t**2/2 - 153*t. List the prime factors of j(-11).
3, 61
Let n = 100487 + -37143. List the prime factors of n.
2, 37, 107
What are the prime factors of (-521451)/(-14)*(-168)/(-126)?
2, 3, 31, 89
Let z(s) = 181*s - 364*s - 4 + 184*s. Let w be z(7). Suppose w*y + 5*c = 342, -3*y - 131 = -4*y + 4*c. What are the prime factors of y?
7, 17
Let c(j) = 149*j**2 + 17*j + 321. What are the prime factors of c(12)?
3, 17, 431
Let a(o) = 72*o**3 + 3*o**2 + 2*o + 4. Let x be a(3). Suppose -292 = 3*z - x. List the prime factors of z.
563
Let p = -697 - -734. Suppose p*d = 25*d + 8700. What are the prime factors of d?
5, 29
Let g = -55721 - -84503. List the prime factors of g.
2, 3, 13, 41
Let x(p) = -2181*p - 4. What are the prime factors of x(-8)?
2, 7, 89
Suppose 9*v = -26*v - 8*v. Let l be (-2)/(-7) + 12/7. Suppose o - 54 = -5*p, l*p = -v*o + 5*o - 297. What are the prime factors of o?
59
Suppose 4*n - 4680 = -8*n. Suppose n = k + 48. List the prime factors of k.
2, 3, 19
Suppose 4*w + 5*v + 29 = 6*v, -5*v - 15 = 0. Let l be 2*(w - -4)/(-4). Let o(z) = 39*z + 8. List the prime factors of o(l).
2, 43
Let f = 17 - 20. List the prime factors of f*(-8)/6*39*4.
2, 3, 13
Let r be ((71/2)/1)/((-7)/(-294)). Suppose -h - 2 = 2, 3*h - r = -3*s. List the prime factors of s.
3, 167
Suppose -285*q - 93779 = -147*q - 145*q. What are the prime factors of q?
13397
Suppose -299226 - 135132 = -18*z. List the prime factors of z.
59, 409
Let k = 854 - -94. Suppose -9*w = 1770 + k. Let g = -170 - w. List the prime factors of g.
2, 3, 11
Let r(b) = 82*b**2 + 2*b - 15. Let p(u) = 23*u + 3. Let j be p(0). List the prime factors of r(j).
3
Suppose 24 - 104 = -4*c. Suppose 5*v - c = -0. Suppose -v*p - p + 330 = 0. List the prime factors of p.
2, 3, 11
Let t be 16/72 - 6973/(-9) - -5. Let g = t - 281. What are the prime factors of g?
499
Let x(s) be the second derivative of -44*s**3/3 - 11*s**2/2 - 7*s. Let b be x(-2). Suppose -y + b = 2*t - 38, 3*y - 506 = -5*t. List the prime factors of t.
103
Let u = 50 + -149. Let z be 1*u - (7 - 5). Let m = -31 - z. What are the prime factors of m?
2, 5, 7
Let v(h) = 77*h**2 - 12*h + 29. Let b(m) = -26*m**2 + 5*m - 9. Let l(x) = -7*b(x) - 2*v(x). What are the prime factors of l(7)?
2, 5, 13
Suppose 9*m - 184 = 5*m. Suppose 30 = 3*z + j - 12, -5*z + j + 78 = 0. Suppose -z*f = -16*f + m. What are the prime factors of f?
2, 23
Let g(m) = -1263*m + 363. What are the prime factors of g(-7)?
2, 3, 13, 59
Suppose -4*m - 2*n + 12 = 0, 5*m + 3 = 2*n + 27. Suppose -4*q - 3*r + 2072 = -95, -m*r = -2*q + 1078. List the prime factors of q.
541
Suppose 2*p + 3*s + s = 18, 3*s = 6. Suppose -2*g = 4*u - 1812, -4*g - 2265 = p*u - 10*u. List the prime factors of u.
3, 151
Let a be -4 + (-76)/(-20) + (-26498)/10. Let r = -729 - a. List the prime factors of r.
17, 113
List the prime factors of 33765 + (78/(-13) - 13).
2, 47, 359
Let q = 71 + -63. Suppose 0 = n - 11 + q. Suppose 3*f - 4*b - 376 = 0, f = n*b + 108 + 9. List the prime factors of f.
2, 3, 11
Suppose 5*w = -2*d + 237631, 237607 = 5*w + 5*d - 6*d. What are the prime factors of w?
3, 7, 31, 73
Suppose -5*g - 24 = -3*u, -g + 5*u = -5 + 23. Let d be (37/g)/1*(9 - 12). Let a = d + -19.